) = b**3 - 24*b**2 + 36*b - 40. Is c(23) prime?
False
Suppose 6*h = 1387 + 2855. Is h a prime number?
False
Let o(d) = 2*d**2 + 6*d + 3. Let f = 9 + -4. Is o(f) composite?
False
Suppose 6*z + 2*z - 36376 = 0. Is z composite?
False
Is 113 + (-3 - -6) - -3 a prime number?
False
Suppose -953 = -5*r - s, -r + 565 = 2*r + 4*s. Suppose -2*n + r = -n. Is n composite?
False
Let o(v) = 6*v + 2. Let c be o(-5). Let i = c + 14. Let r = i + 24. Is r prime?
False
Let w(b) = -b**3 - 8*b**2 - 2*b - 2. Let t = -16 + 7. Is w(t) a prime number?
True
Suppose -j - 2*j + 1590 = -w, j + 5*w - 514 = 0. Is j a prime number?
False
Let v(u) = 6*u**2 - 4*u + 4. Is v(3) a prime number?
False
Let v(d) = d + 47. Suppose 0 = -2*y + 6*y. Is v(y) prime?
True
Suppose -o - 266 = -3*o. Let h = o + -46. Is h a prime number?
False
Suppose -o - 5*u + 406 = 0, -u - 3*u = 2*o - 842. Is o prime?
True
Let a be -1 + 0 + -1 + 10. Let n = -1 + a. Is n a prime number?
True
Suppose 0 = -5*d - 21 + 1. Let p(g) = g**2 + 2*g - 3. Let j be p(d). Suppose 2*o - 445 = -j*v + 662, 3*v - 4*o - 659 = 0. Is v a composite number?
True
Let w = 14 - -279. Is w a prime number?
True
Let t(d) = d**2 + 9*d - 10. Let f be t(-10). Suppose 5*r + 12 = 4*w - 54, -4*w - r + 78 = f. Is w composite?
False
Suppose 6 = 5*m - 24. Suppose -w + f + 85 = 0, m*w - w - 429 = 3*f. Is w prime?
False
Is 3 + (-326)/(-3 + 2) a prime number?
False
Suppose 0*g = -g + 77. Is g prime?
False
Suppose -5*a - 10 = 0, 2*t + t - 4*a = 14. Suppose -2*c + 112 = t*w, w + 4*c - 62 = 5*c. Is w prime?
True
Suppose 9*r - 5*r - 8 = 0. Suppose -f - 2*g + 159 = 0, -6*f + 654 = -r*f - g. Is f composite?
False
Suppose -69 + 14 = 5*q + 3*r, -15 = 3*r. Let w = 5 - q. Is w prime?
True
Let z(o) = -4*o - 5. Let n be z(-2). Suppose -y + 40 + 106 = v, -5*y + n*v + 706 = 0. Is y a composite number?
True
Suppose -1751 - 1087 = -6*b. Is b prime?
False
Let n = 188 + -9. Is n a composite number?
False
Let m = 1 - -2. Suppose 5*k - 68 = -l, -m*k + 5 = -4. Is l prime?
True
Let f(o) = 10*o**3 - 7*o**2 - 6*o + 11. Is f(6) prime?
False
Let h = 898 + -489. Is h composite?
False
Let s = -927 + 1850. Is s composite?
True
Suppose 5*g - 5*f - 1065 = 0, -5*g = -3*f - 810 - 251. Is g a composite number?
False
Let x(n) = -8*n**3 + 3*n**2 - 4*n + 1. Let g(u) = 9*u**3 - 4*u**2 + 5*u - 1. Let r(j) = -5*g(j) - 6*x(j). Is r(3) a composite number?
True
Let b = -16 + 31. Suppose 2*f - b = -f. Suppose 0 = -5*i + 20, f*h - i = 15 + 46. Is h a prime number?
True
Suppose n = 5*k + 22, 0 = -4*k - 0*k - 16. Suppose n*f + f = 33. Is f a prime number?
True
Let f be -1 + 1 + (5 - 2). Suppose f = 5*w + 13. Is -89*w/((-4)/(-2)) prime?
True
Let i be (-1772)/(-8) - 2/(-4). Suppose i = 2*x - 0*x - f, 4*x + 5*f = 472. Is x a composite number?
False
Suppose -4*j = -0*d + d - 345, -4*d - 82 = -j. Suppose 3*k + 2*x - 16 = 3*x, k - 7 = 2*x. Suppose 2*b + 34 = a - 7, k*b = 2*a - j. Is a a composite number?
True
Let a(k) = 10*k**3 + 28*k**2 - 26*k - 45. Let j(m) = -3*m**3 - 9*m**2 + 9*m + 15. Let y(b) = 2*a(b) + 7*j(b). Let l = 78 - 88. Is y(l) a composite number?
True
Is 16/40 - (-3363)/5 a composite number?
False
Let m(p) = 6*p - 1 + 2 - 2*p**2 + 5 - p**3. Is m(-5) a composite number?
True
Let m be (-6)/2*(0 - 162). Let d = m - 287. Is d composite?
False
Let a = -1 - 211. Let l = a - -479. Is l a composite number?
True
Let d = 4858 + -3316. Suppose 5*t - 2*t = d. Is t prime?
False
Let v = -735 - -1628. Is v prime?
False
Let x(z) = -540*z + 1. Is x(-1) a prime number?
True
Let u be -6 - (-1)/(1/2). Is 2 - u/((-8)/(-258)) composite?
False
Let y(f) = -f**3 + 2*f**2 + 4*f + 2. Suppose 0 = -5*j + 3*j - 4*t, 0 = -2*j + t. Suppose 5*d + 27 = -5*s - 3, j = -s + 2*d + 6. Is y(s) a composite number?
True
Let x = 5416 - 482. Is x composite?
True
Suppose 1420 = -t + 5*t. Is t composite?
True
Suppose -5*a = -5*w + 30, 2*w + 5*a = 6*w - 27. Suppose 0 = w*g - 277 - 212. Is g composite?
False
Let c(h) = 17*h**2 + 2*h - 2. Let n be c(-5). Suppose 2*w = -3*s + n, -3*s - 548 = -4*w + 305. Is w composite?
False
Let o(j) = j + 13. Let l be o(-10). Let f(b) = -b**2 + 7*b**3 + 2*b + 2*b**2 - 7 + 6. Is f(l) prime?
False
Let v(h) = -h**3 + 3*h**2 + 3*h + 3. Let g = -7 + 10. Let j be v(g). Suppose -31 = -l - j. Is l prime?
True
Let b be (-3 + 5)*213/(-2). Let n = -86 - b. Is n composite?
False
Let v(g) = g + 65. Is v(0) prime?
False
Let x(v) = 13*v**2 - v - 1. Let q be 3/(-7) + 22/(-14). Is x(q) prime?
True
Let i(f) = -f**2 - 6*f - 4. Let a be i(-5). Suppose 5*z + 3*v = 118, -57 = -2*z + v - a. Suppose 0 = -4*s + 5*l - 23 + 155, -s + 3*l + z = 0. Is s prime?
False
Let i(c) = -12*c**3 + 2*c**2 + 2*c - 1. Let m be i(-2). Let b(y) = -y**2 - 7*y + 6. Let d be b(-6). Is 4/1*m/d a prime number?
False
Let r(f) = f**3 - 7*f**2 - f + 10. Let s be (2 - -1) + 4/1. Let z be r(s). Suppose -z*g + 425 = 2*g. Is g a prime number?
False
Let a be (-1 - -49)*(-1 + 0). Let u(v) = 21*v**2 + 2*v - 1. Let m be u(2). Let y = m + a. Is y a prime number?
False
Suppose 0 = -g - 0*g + 11. Is (-207)/(-11) - (-2)/g a prime number?
True
Let w(y) = -y**2 + 13*y - 6. Let k be w(12). Let n = k - 3. Suppose -n*x + 2*x = -91. Is x composite?
True
Let p(y) = -5*y + 11. Let i be p(9). Let c = i + 59. Suppose 285 = 4*b + c. Is b prime?
False
Is (4 + 1245/10)*2 composite?
False
Suppose 2*y + 2*d - 2947 = -y, -d = -2*y + 1953. Is y a composite number?
True
Let o be 2 + -3 + 2 + 3. Suppose 5*d = 5*k - 420, -100 = -5*k + 4*k + 5*d. Suppose -4*l + k = o. Is l a prime number?
True
Suppose -4*v + 5*l = -0*v - 84, -42 = -2*v + 5*l. Is v prime?
False
Suppose c = -0*c. Suppose 0*g - g + 157 = c. Is g composite?
False
Let n = -685 + 1022. Is n composite?
False
Let t be (-2)/10 - (-8)/40. Is (109 + (t - -1))/2 composite?
True
Suppose 1 - 21 = -4*m. Suppose -2*o + m*o = -75. Is (-3940)/o + (-3)/5 composite?
False
Suppose q = 5*q - 5*z - 1201, -4*z - 4 = 0. Let o = q + 284. Is o a prime number?
False
Suppose 5*a - 4001 = -2*t - 476, a + 4*t - 687 = 0. Is a prime?
False
Suppose 3*l + 5027 = 4*y, 4*l = 6*l - 6. Is y a prime number?
True
Let d = 247 - 128. Is d a composite number?
True
Let r(p) = 3*p**2 - p - 5. Is r(-7) a composite number?
False
Let a(c) = -c. Let l be a(-4). Suppose i = 5, -17 = -2*w - l*i + i. Let m = 32 - w. Is m prime?
True
Let z(b) = b - 7. Suppose -u + 4 = -0. Let p be z(u). Is 166 + p - 2 - -2 a prime number?
True
Let f be (-12)/(-18) - 4/(-3). Is (-3)/3 - -7*f prime?
True
Suppose 228 = 4*n + 3*d - 4*d, 5*n - 285 = 4*d. Is n a prime number?
False
Let t = 20 - 17. Let c(q) = 3*q - 1. Let h be c(3). Suppose -t*j = -65 + h. Is j composite?
False
Is 3*1/(-3)*-8691 a composite number?
True
Is (4 - 2 - 0)*446/4 a composite number?
False
Let w = -1 - -4. Suppose -5*k - w*x + 6*x = -44, -4*x + 8 = 0. Is k a composite number?
True
Suppose -9 - 15 = 4*w. Let c(l) = -l**3 - 3*l**2 - 5*l + 7. Is c(w) a composite number?
True
Suppose -5*d - 215 = -0*d. Let h = 4 - d. Is h composite?
False
Let h(l) = -l**3 - l**2 - l + 107. Let r be h(0). Suppose -4*s + 57 = -r. Let b = s + -16. Is b a prime number?
False
Let r be (-15)/10*2/(-3). Let h be (r - 2)/((-2)/42). Let o = h - 10. Is o a prime number?
True
Suppose 2*h - 4*h = -4*g + 14, 2*h = -2. Let k be (4 - 2) + g - 1. Suppose 2 + k = 2*v. Is v a prime number?
True
Suppose -7*i + 1055 = -2*i. Let c = i - 124. Is c prime?
False
Let a(j) be the first derivative of -j**4/2 - 2*j**3/3 - 3*j**2/2 + 2*j + 7. Is a(-5) a prime number?
False
Suppose -2*q - 3*k + 11 = 0, 0*q + 3*k = -5*q + 14. Let s be 3 - 2*q/(-2). Suppose 0 = w + 4*y - 119, 5*y - 39 = -s*w + 459. Is w a composite number?
False
Suppose 0 = -h + 5*c - 8, 2*h = -h + 3*c. Let b be (2/4)/((-1)/(-6)). Is 1/(h/54*b) a prime number?
False
Let y = 272 - -177. Is y composite?
False
Let g = 21 + -13. Suppose 4*a - 5 = -1. Is ((-92)/g)/(a/(-10)) composite?
True
Suppose 5*f + r = 2951, 4*f - f - 3*r - 1785 = 0. Is f a composite number?
True
Is (-9)/6 + (-1002)/(-4) a prime number?
False
Let c = -4 - -4. Let q be -3*(-1 - 2) + c. Let a = 110 + q. Is a a composite number?
True
Is (-1857)/(-21) + 4/7 composite?
False
Let j(k) = k**2 - k + 1. Is j(-5) prime?
True
Let k = -16 + 19. Suppose -k*r + 73 = -92. Is r a prime number?
False
Suppose 0 = 4*o + 5*l - 4453 - 2454, -3*l + 6